{"id":921,"date":"2024-06-11T21:38:52","date_gmt":"2024-06-11T19:38:52","guid":{"rendered":"https:\/\/www.lechaletcathare.fr\/?page_id=921"},"modified":"2024-11-27T18:44:12","modified_gmt":"2024-11-27T17:44:12","slug":"umgebung","status":"publish","type":"page","link":"https:\/\/www.lechaletcathare.fr\/de\/umgebung\/","title":{"rendered":"Aktivit\u00e4ten"},"content":{"rendered":"","protected":false},"excerpt":{"rendered":"","protected":false},"author":1,"featured_media":0,"parent":0,"menu_order":0,"comment_status":"closed","ping_status":"closed","template":"","meta":{"_acf_changed":false,"_glsr_average":0,"_glsr_ranking":0,"_glsr_reviews":0,"footnotes":""},"class_list":["post-921","page","type-page","status-publish","hentry"],"acf":[],"yoast_head":"<!-- This site is optimized with the Yoast SEO plugin v27.1.1 - https:\/\/yoast.com\/product\/yoast-seo-wordpress\/ -->\n<title>Activit\u00e9s \u00e0 Saissac - Le Chalet Cathare<\/title>\n<meta name=\"description\" content=\"Le Pays Cathare : Ch\u00e2teaux, lacs et for\u00eats. Un m\u00e9lange d&#039;Histoire et de paysages \u00e9poustouflants proche de Saissac.\" \/>\n<meta name=\"robots\" content=\"index, follow, max-snippet:-1, max-image-preview:large, max-video-preview:-1\" \/>\n<link rel=\"canonical\" href=\"https:\/\/www.lechaletcathare.fr\/de\/umgebung\/\" \/>\n<meta property=\"og:locale\" content=\"de_DE\" \/>\n<meta property=\"og:type\" content=\"article\" \/>\n<meta property=\"og:title\" content=\"Activit\u00e9s \u00e0 Saissac - Le Chalet Cathare\" \/>\n<meta property=\"og:description\" content=\"Le Pays Cathare : Ch\u00e2teaux, lacs et for\u00eats. Un m\u00e9lange d&#039;Histoire et de paysages \u00e9poustouflants proche de Saissac.\" \/>\n<meta property=\"og:url\" content=\"https:\/\/www.lechaletcathare.fr\/de\/umgebung\/\" \/>\n<meta property=\"og:site_name\" content=\"Le Chalet Cathare\" \/>\n<meta property=\"article:modified_time\" content=\"2024-11-27T17:44:12+00:00\" \/>\n<meta name=\"twitter:card\" content=\"summary_large_image\" \/>\n<script type=\"application\/ld+json\" class=\"yoast-schema-graph\">{\"@context\":\"https:\/\/schema.org\",\"@graph\":[{\"@type\":\"WebPage\",\"@id\":\"https:\/\/www.lechaletcathare.fr\/alentours\/\",\"url\":\"https:\/\/www.lechaletcathare.fr\/alentours\/\",\"name\":\"Activit\u00e9s \u00e0 Saissac - Le Chalet Cathare\",\"isPartOf\":{\"@id\":\"https:\/\/www.lechaletcathare.fr\/#website\"},\"datePublished\":\"2024-06-11T19:38:52+00:00\",\"dateModified\":\"2024-11-27T17:44:12+00:00\",\"description\":\"Le Pays Cathare : Ch\u00e2teaux, lacs et for\u00eats. Un m\u00e9lange d'Histoire et de paysages \u00e9poustouflants proche de Saissac.\",\"breadcrumb\":{\"@id\":\"https:\/\/www.lechaletcathare.fr\/alentours\/#breadcrumb\"},\"inLanguage\":\"de\",\"potentialAction\":[{\"@type\":\"ReadAction\",\"target\":[\"https:\/\/www.lechaletcathare.fr\/alentours\/\"]}]},{\"@type\":\"BreadcrumbList\",\"@id\":\"https:\/\/www.lechaletcathare.fr\/alentours\/#breadcrumb\",\"itemListElement\":[{\"@type\":\"ListItem\",\"position\":1,\"name\":\"Accueil\",\"item\":\"https:\/\/www.lechaletcathare.fr\/\"},{\"@type\":\"ListItem\",\"position\":2,\"name\":\"Activit\u00e9s\"}]},{\"@type\":\"WebSite\",\"@id\":\"https:\/\/www.lechaletcathare.fr\/#website\",\"url\":\"https:\/\/www.lechaletcathare.fr\/\",\"name\":\"Le Chalet Cathare\",\"description\":\"G\u00eete Montagne Noire\",\"publisher\":{\"@id\":\"https:\/\/www.lechaletcathare.fr\/#organization\"},\"potentialAction\":[{\"@type\":\"SearchAction\",\"target\":{\"@type\":\"EntryPoint\",\"urlTemplate\":\"https:\/\/www.lechaletcathare.fr\/?s={search_term_string}\"},\"query-input\":{\"@type\":\"PropertyValueSpecification\",\"valueRequired\":true,\"valueName\":\"search_term_string\"}}],\"inLanguage\":\"de\"},{\"@type\":\"Organization\",\"@id\":\"https:\/\/www.lechaletcathare.fr\/#organization\",\"name\":\"Le Chalet Cathare\",\"url\":\"https:\/\/www.lechaletcathare.fr\/\",\"logo\":{\"@type\":\"ImageObject\",\"inLanguage\":\"de\",\"@id\":\"https:\/\/www.lechaletcathare.fr\/#\/schema\/logo\/image\/\",\"url\":\"https:\/\/www.lechaletcathare.fr\/wp-content\/uploads\/2024\/06\/Group-37-3.png\",\"contentUrl\":\"https:\/\/www.lechaletcathare.fr\/wp-content\/uploads\/2024\/06\/Group-37-3.png\",\"width\":500,\"height\":98,\"caption\":\"Le Chalet Cathare\"},\"image\":{\"@id\":\"https:\/\/www.lechaletcathare.fr\/#\/schema\/logo\/image\/\"}}]}<\/script>\n<!-- \/ Yoast SEO plugin. -->","yoast_head_json":{"title":"Aktivit\u00e4ten in Saissac - Le Chalet Cathare","description":"Das Land der Katharer: Burgen, Seen und W\u00e4lder. Eine Mischung aus Geschichte und atemberaubenden Landschaften in der N\u00e4he von Saissac.","robots":{"index":"index","follow":"follow","max-snippet":"max-snippet:-1","max-image-preview":"max-image-preview:large","max-video-preview":"max-video-preview:-1"},"canonical":"https:\/\/www.lechaletcathare.fr\/de\/umgebung\/","og_locale":"de_DE","og_type":"article","og_title":"Activit\u00e9s \u00e0 Saissac - Le Chalet Cathare","og_description":"Le Pays Cathare : Ch\u00e2teaux, lacs et for\u00eats. Un m\u00e9lange d'Histoire et de paysages \u00e9poustouflants proche de Saissac.","og_url":"https:\/\/www.lechaletcathare.fr\/de\/umgebung\/","og_site_name":"Le Chalet Cathare","article_modified_time":"2024-11-27T17:44:12+00:00","twitter_card":"summary_large_image","schema":{"@context":"https:\/\/schema.org","@graph":[{"@type":"WebPage","@id":"https:\/\/www.lechaletcathare.fr\/alentours\/","url":"https:\/\/www.lechaletcathare.fr\/alentours\/","name":"Aktivit\u00e4ten in Saissac - Le Chalet Cathare","isPartOf":{"@id":"https:\/\/www.lechaletcathare.fr\/#website"},"datePublished":"2024-06-11T19:38:52+00:00","dateModified":"2024-11-27T17:44:12+00:00","description":"Das Land der Katharer: Burgen, Seen und W\u00e4lder. Eine Mischung aus Geschichte und atemberaubenden Landschaften in der N\u00e4he von Saissac.","breadcrumb":{"@id":"https:\/\/www.lechaletcathare.fr\/alentours\/#breadcrumb"},"inLanguage":"de","potentialAction":[{"@type":"ReadAction","target":["https:\/\/www.lechaletcathare.fr\/alentours\/"]}]},{"@type":"BreadcrumbList","@id":"https:\/\/www.lechaletcathare.fr\/alentours\/#breadcrumb","itemListElement":[{"@type":"ListItem","position":1,"name":"Accueil","item":"https:\/\/www.lechaletcathare.fr\/"},{"@type":"ListItem","position":2,"name":"Activit\u00e9s"}]},{"@type":"WebSite","@id":"https:\/\/www.lechaletcathare.fr\/#website","url":"https:\/\/www.lechaletcathare.fr\/","name":"Das Katharer-Chalet","description":"G\u00eete Montagne Noire","publisher":{"@id":"https:\/\/www.lechaletcathare.fr\/#organization"},"potentialAction":[{"@type":"SearchAction","target":{"@type":"EntryPoint","urlTemplate":"https:\/\/www.lechaletcathare.fr\/?s={search_term_string}"},"query-input":{"@type":"PropertyValueSpecification","valueRequired":true,"valueName":"search_term_string"}}],"inLanguage":"de"},{"@type":"Organization","@id":"https:\/\/www.lechaletcathare.fr\/#organization","name":"Das Katharer-Chalet","url":"https:\/\/www.lechaletcathare.fr\/","logo":{"@type":"ImageObject","inLanguage":"de","@id":"https:\/\/www.lechaletcathare.fr\/#\/schema\/logo\/image\/","url":"https:\/\/www.lechaletcathare.fr\/wp-content\/uploads\/2024\/06\/Group-37-3.png","contentUrl":"https:\/\/www.lechaletcathare.fr\/wp-content\/uploads\/2024\/06\/Group-37-3.png","width":500,"height":98,"caption":"Le Chalet Cathare"},"image":{"@id":"https:\/\/www.lechaletcathare.fr\/#\/schema\/logo\/image\/"}}]}},"_links":{"self":[{"href":"https:\/\/www.lechaletcathare.fr\/de\/wp-json\/wp\/v2\/pages\/921","targetHints":{"allow":["GET"]}}],"collection":[{"href":"https:\/\/www.lechaletcathare.fr\/de\/wp-json\/wp\/v2\/pages"}],"about":[{"href":"https:\/\/www.lechaletcathare.fr\/de\/wp-json\/wp\/v2\/types\/page"}],"author":[{"embeddable":true,"href":"https:\/\/www.lechaletcathare.fr\/de\/wp-json\/wp\/v2\/users\/1"}],"replies":[{"embeddable":true,"href":"https:\/\/www.lechaletcathare.fr\/de\/wp-json\/wp\/v2\/comments?post=921"}],"version-history":[{"count":17,"href":"https:\/\/www.lechaletcathare.fr\/de\/wp-json\/wp\/v2\/pages\/921\/revisions"}],"predecessor-version":[{"id":1373,"href":"https:\/\/www.lechaletcathare.fr\/de\/wp-json\/wp\/v2\/pages\/921\/revisions\/1373"}],"wp:attachment":[{"href":"https:\/\/www.lechaletcathare.fr\/de\/wp-json\/wp\/v2\/media?parent=921"}],"curies":[{"name":"wp","href":"https:\/\/api.w.org\/{rel}","templated":true}]}}

Aktivitäten

<!-- This site is optimized with the Yoast SEO plugin v27.1.1 - https://yoast.com/product/yoast-seo-wordpress/ -->
<title>Activités à Saissac - Le Chalet Cathare</title>
<meta name="description" content="Le Pays Cathare : Châteaux, lacs et forêts. Un mélange d&#039;Histoire et de paysages époustouflants proche de Saissac." />
<meta name="robots" content="index, follow, max-snippet:-1, max-image-preview:large, max-video-preview:-1" />
<link rel="canonical" href="https://www.lechaletcathare.fr/de/umgebung/" />
<meta property="og:locale" content="de_DE" />
<meta property="og:type" content="article" />
<meta property="og:title" content="Activités à Saissac - Le Chalet Cathare" />
<meta property="og:description" content="Le Pays Cathare : Châteaux, lacs et forêts. Un mélange d&#039;Histoire et de paysages époustouflants proche de Saissac." />
<meta property="og:url" content="https://www.lechaletcathare.fr/de/umgebung/" />
<meta property="og:site_name" content="Le Chalet Cathare" />
<meta property="article:modified_time" content="2024-11-27T17:44:12+00:00" />
<meta name="twitter:card" content="summary_large_image" />
<script type="application/ld+json" class="yoast-schema-graph">{"@context":"https://schema.org","@graph":[{"@type":"WebPage","@id":"https://www.lechaletcathare.fr/alentours/","url":"https://www.lechaletcathare.fr/alentours/","name":"Activités à Saissac - Le Chalet Cathare","isPartOf":{"@id":"https://www.lechaletcathare.fr/#website"},"datePublished":"2024-06-11T19:38:52+00:00","dateModified":"2024-11-27T17:44:12+00:00","description":"Le Pays Cathare : Châteaux, lacs et forêts. Un mélange d'Histoire et de paysages époustouflants proche de Saissac.","breadcrumb":{"@id":"https://www.lechaletcathare.fr/alentours/#breadcrumb"},"inLanguage":"de","potentialAction":[{"@type":"ReadAction","target":["https://www.lechaletcathare.fr/alentours/"]}]},{"@type":"BreadcrumbList","@id":"https://www.lechaletcathare.fr/alentours/#breadcrumb","itemListElement":[{"@type":"ListItem","position":1,"name":"Accueil","item":"https://www.lechaletcathare.fr/"},{"@type":"ListItem","position":2,"name":"Activités"}]},{"@type":"WebSite","@id":"https://www.lechaletcathare.fr/#website","url":"https://www.lechaletcathare.fr/","name":"Le Chalet Cathare","description":"Gîte Montagne Noire","publisher":{"@id":"https://www.lechaletcathare.fr/#organization"},"potentialAction":[{"@type":"SearchAction","target":{"@type":"EntryPoint","urlTemplate":"https://www.lechaletcathare.fr/?s={search_term_string}"},"query-input":{"@type":"PropertyValueSpecification","valueRequired":true,"valueName":"search_term_string"}}],"inLanguage":"de"},{"@type":"Organization","@id":"https://www.lechaletcathare.fr/#organization","name":"Le Chalet Cathare","url":"https://www.lechaletcathare.fr/","logo":{"@type":"ImageObject","inLanguage":"de","@id":"https://www.lechaletcathare.fr/#/schema/logo/image/","url":"https://www.lechaletcathare.fr/wp-content/uploads/2024/06/Group-37-3.png","contentUrl":"https://www.lechaletcathare.fr/wp-content/uploads/2024/06/Group-37-3.png","width":500,"height":98,"caption":"Le Chalet Cathare"},"image":{"@id":"https://www.lechaletcathare.fr/#/schema/logo/image/"}}]}</script>
<!-- / Yoast SEO plugin. -->

Aktivitäten in Saissac - Le Chalet Cathare

Das Land der Katharer: Burgen, Seen und Wälder. Eine Mischung aus Geschichte und atemberaubenden Landschaften in der Nähe von Saissac.

Activités à Saissac - Le Chalet Cathare

Le Pays Cathare : Châteaux, lacs et forêts. Un mélange d'Histoire et de paysages époustouflants proche de Saissac.

Activités

Gîte Montagne Noire
